-1*(4 + -1). Suppose -5*b + 3 = -x*b. Calculate the highest common factor of b and 3.
1
Let u be 14/91 - (-336)/13. Calculate the highest common divisor of 4 and u.
2
Let t = 15 - 7. Let f(d) = -d**3 + 9*d**2 - 9*d + 5. Let p be f(t). Let c be 70*(1 + p/5). Calculate the highest common factor of 4 and c.
4
Let d be 2430/33 - 8/(-22). What is the highest common factor of 185 and d?
37
Let q(b) = 6*b - 97. Let k be q(16). Let l(a) = 30*a - 93*a - 64*a - 1. Let h be l(k). Calculate the greatest common divisor of h and 14.
14
Let n = -24 - -22. Let u be n/((4/(-24))/1). Calculate the greatest common factor of 48 and u.
12
Let o = 10 + -8. Suppose 0 = o*l - 7*l + 315. Let r be l*((-4)/6)/(-2). Calculate the greatest common factor of 3 and r.
3
Let g(h) = -h**2 + 20*h - 33. Let k be g(18). Suppose 3*i = 2*i + d + 17, k*d + 73 = 4*i. What is the highest common divisor of i and 88?
22
Let y = 1 - -4. Suppose -3*v + 9 = -y*f, v - 6*f - 7 = -3*f. Let z be v + 61 - (-28)/(-7). Calculate the highest common factor of z and 5.
5
Suppose -4*n - 19 = -5*n + 4*u, 5*n + 4*u + 1 = 0. Let p = -11 + 14. Suppose -j - a = -2, 5*a = p*j - 9 + 3. Calculate the greatest common factor of n and j.
1
Suppose 0*q = 4*w + 2*q - 26, -9 = -2*w - 5*q. Suppose 0 = -3*u - 110 - w. Let o = 67 + u. What is the greatest common factor of 4 and o?
4
Suppose -g = -5*n + 30, 2*g - 25 = -3*n + 4*g. Calculate the greatest common factor of n and 45.
5
Let j be (0 + 2)*(14 - -1). Let d be (-10)/((16/j)/(-4)). Calculate the highest common divisor of 30 and d.
15
Let v be 2/(0 + -2)*103. Suppose 4*h = 3*p + 2*p - 869, 0 = 3*h + 3. Let x = p + v. Calculate the highest common factor of x and 28.
14
Suppose 30*f = 24*f + 354. Let w = f + -56. Let s = 39 - 12. Calculate the greatest common divisor of w and s.
3
Let g = 132 - 76. Suppose 28 = 8*r - 12*r. Let p be (2*r/3)/((-2)/3). What is the highest common factor of g and p?
7
Let d be ((0 - -1)*-1)/((-12)/168). Calculate the greatest common factor of d and 7.
7
Suppose -2*r = -31 - 13. Suppose 5*o = 3*o - 8. Let k be -2 - (o - 3 - -3). What is the highest common factor of r and k?
2
Suppose -34*c = 3086 - 11654. What is the highest common divisor of 588 and c?
84
Let o = -68 - -76. Suppose -31 - o = -r. Let y(x) = 12*x**2 + 1. Let s be y(-1). Calculate the greatest common divisor of r and s.
13
Let c(w) = -w**2 + 26*w - 36. Let n be c(6). What is the greatest common divisor of 63 and n?
21
Suppose 67*x - 71*x = 0, -4*x - 430 = -5*t. Calculate the greatest common factor of t and 129.
43
Let l be (-663)/(-12) + (-15)/(-20). Let j = l - 36. Calculate the greatest common divisor of 100 and j.
20
Let p(x) = 5*x - 5. Let m(d) = -2*d - 16. Let c be m(-13). Let a be p(c). What is the greatest common factor of a and 9?
9
Let f = -1534 + 1662. What is the greatest common factor of f and 232?
8
Let b(h) = h**3 - 17*h**2 + 18*h - 306. Let r be b(24). Calculate the greatest common divisor of r and 54.
54
Let p = -19 + 45. Suppose -4*g + 157 = -b - 262, -92 = -g - 4*b. What is the highest common factor of g and p?
26
Let h = -13 - -25. Let m(l) = 10*l + 7*l - l + 1 + 3. Let c be m(2). What is the highest common factor of h and c?
12
Let f = 211 + -126. Let z be (34/f)/(4/10). Calculate the greatest common factor of 1 and z.
1
Suppose -77 = 2*w + 3*g, -5*w + 5*g - 201 = 29. Let u = 169 + w. What is the highest common factor of 14 and u?
14
Let p(g) = g**3 + 22*g**2 - 49*g + 15. Let w be p(-24). Let r be (w/15)/(4/20). Calculate the highest common factor of 13 and r.
13
Let d(j) = -6*j - 119 + j**3 + 236 - 14*j**2 + 4*j**2 - 122. Suppose 2*c - 32 + 10 = 0. Let u be d(c). What is the greatest common factor of 20 and u?
10
Let m(o) = o**2 - 7*o + 4. Let l be m(7). Suppose l*c + 5 = 5*d + 5*c, 0 = 4*d - c - 13. Let p = 3 + d. Calculate the greatest common divisor of p and 10.
5
Let o(l) = l + 12. Let g be o(-8). Suppose -f - 3 = -z, -4*z - 4*f = -78 + 26. Calculate the highest common divisor of g and z.
4
Let d be (2 + -1)*5/(-1) - -59. What is the greatest common factor of d and 864?
54
Let u(t) = 234*t + 3. Let o be u(-1). Let x be 12/(-18) + o/(-9). Let c = x - 20. Calculate the highest common factor of c and 20.
5
Suppose -191 = -21*w + 670. What is the highest common factor of 287 and w?
41
Let z be -6*((-15)/(-3))/(-15). Suppose 4*t - 108 = -z*c + 5*t, 5*t = -3*c + 188. Calculate the highest common factor of c and 140.
28
Suppose y + 15 = -2*f, y = 2*y + f + 20. Let o = y - -25. Suppose b = 10 - o. What is the highest common divisor of 80 and b?
10
Let j(k) = -1 - 34*k - 2 - 3*k**2 + 30*k + 2. Let a be j(-4). Let d be (-60)/a + (-10)/(-55). What is the greatest common divisor of d and 14?
2
Let s = 355 - 138. What is the highest common divisor of s and 31?
31
Let f be (14/(-6))/(-7)*0. Suppose f = j + 4 - 39. Calculate the highest common factor of 5 and j.
5
Let q = -21 + 53. Suppose 146 - q = 3*s. Calculate the greatest common factor of s and 57.
19
Suppose -14*l + 174 = -92. What is the highest common factor of 76 and l?
19
Suppose 28 = -w + 249. Suppose n + w = 2*n. Suppose -5*h = 2*r - 379, -n = -4*h - r + 81. Calculate the greatest common divisor of 50 and h.
25
Let n be (-46)/(-115) + 33/5. Let k(q) = -2*q**3 - 1 - 4*q**3 + q**3 - q**2. Let j be k(-2). What is the greatest common divisor of j and n?
7
Let b be (-3 + 12)/(3/(-87)). Let x = -181 - b. What is the highest common factor of x and 32?
16
Suppose l = 3*l + 6. Let n = -3 - 5. Let a = l - n. Calculate the highest common divisor of 30 and a.
5
Suppose 4*m - 15 = 5. Suppose 47 = m*p - 238. Let t(h) = 55*h + 1083. Let r be t(-19). What is the greatest common divisor of r and p?
19
Let t = 260 + -427. Let x = -112 - t. Let u = x - -105. Calculate the highest common divisor of u and 32.
32
Let c(x) = x**3 + 77*x**2 + 72*x - 246. Let s be c(-76). Suppose 0 = -2*n + 394 - 104. Calculate the greatest common factor of n and s.
29
Let j = 74 + -52. Let t be 87/5 + j/(-55). Let a = 35 - -152. What is the greatest common factor of t and a?
17
Suppose -20 = -2*x - 6. Let a(b) = 6*b**2 + 17*b + 7. Suppose -13*y = 78 - 26. Let i be a(y). Calculate the highest common divisor of i and x.
7
Let w = 83 - 50. Suppose 528 = 15*u - 7*u. Calculate the greatest common factor of u and w.
33
Suppose 72*s - 8*s = 64000. Calculate the highest common divisor of 16 and s.
8
Let z be 25/(-5) + 2 + 25. Let p be (-12)/(-30) + (-218)/(-5). Calculate the greatest common factor of p and z.
22
Let i be (-1)/6 + (-2109)/(-18). Suppose 0 = -4*s + 3*s + 3. Let u be s/(6/(-2)) + 14. Calculate the greatest common divisor of i and u.
13
Let j(r) = -r**3 - 9*r**2 - 9*r + 2. Let o be j(-8). Let g be o/(-4)*1404/(-135). What is the greatest common divisor of g and 208?
26
Let h be (-90)/(-12)*(-10)/(-9)*15. What is the highest common divisor of 50 and h?
25
Suppose 35 = 8*q - 7*q. Let r = q + 18. Let j be (-3 + 6 - 1) + r. What is the highest common factor of j and 22?
11
Let c = 151 - 107. Let y = 56 - c. What is the highest common divisor of 12 and y?
12
Let t be (-430)/(-12) + 22/132. What is the highest common divisor of 48 and t?
12
Let h(g) = -6*g**3 + 2*g**2 - g - 2. Let k be h(-1). What is the highest common factor of 63 and k?
7
Let z(r) = r**3 + 2*r**2 + 2. Let k be z(-2). Let c be k + -1 + (-1 - -2). Suppose 15 = -17*u + 83. Calculate the highest common divisor of c and u.
2
Let i(j) = -j**2 + 8*j + 4. Let m be i(6). Calculate the greatest common factor of m and 112.
16
Let j be 6/(-2) - (79 - (0 - -3)). Let a = 89 + j. Calculate the greatest common divisor of a and 4.
2
Let p be (-6 - 1) + (-135)/(-3). What is the greatest common divisor of p and 437?
19
Let q = -9 - -14. Suppose q*p = -3*l + 240, 2*p - 83 = -2*l + 73. Calculate the highest common divisor of 25 and l.
25
Let d = 642 + -352. Calculate the greatest common factor of 58 and d.
58
Let m = -590 - -653. Calculate the greatest common factor of 126 and m.
63
Suppose 2*k - 560 = -3*k. Suppose -z - z - 5*h = -k, h + 180 = 4*z. What is the greatest common divisor of 115 and z?
23
Let b(q) = q**2 - q. Let s(w) = -17*w**2 - 2. Let d(l) = 2*b(l) - s(l). Let r be d(2). Let n = r + -39. Calculate the greatest common divisor of 7 and n.
7
Suppose -5*m - 24354 = -16*m. What 